u?
9
Let h(r) be the second derivative of -r**3/2 + r**2/2 - r - 2. What is the remainder when h(-6) is divided by 6?
1
Let v(q) = -4*q - 26. Suppose 4*j - 17 = -5*p + 101, 0 = 5*j + p - 137. What is the remainder when j is divided by v(-8)?
3
Let y(l) = l**3 + 36*l**2 + 83*l - 84. What is the remainder when y(-33) is divided by 51?
36
Let q = -7334 + 7418. What is the remainder when 172 is divided by q?
4
Let z = 507 - 482. Calculate the remainder when (12 + -5 - 2) + 64 is divided by z.
19
What is the remainder when 146704/212 - 23*-1 is divided by 262?
191
Let q = 306 - 332. Let l(v) = v**3 + 24*v**2 - 54*v - 38. What is the remainder when l(q) is divided by 5?
4
What is the remainder when (99/15 + (-6)/(-15))*11 is divided by 21?
14
Let u be -2 + 7 - (-1)/2*-4. Suppose -2*n - n - u*t = -9, -n + 4*t + 8 = 0. Calculate the remainder when ((-6)/n)/((-3)/142) is divided by 18.
17
What is the remainder when ((-4284)/54)/((-1)/24) is divided by 15?
14
Suppose 254 = -2*d + 26. Let w = 193 + d. Suppose y = w - 12. Calculate the remainder when y is divided by 34.
33
Suppose -2*k + 5 + 15 = 0. Suppose 2*i - 2 = 3*b, -k*i + 12 = -9*i + 4*b. What is the remainder when (14/(-3))/((-4)/12) is divided by i?
2
Suppose 10*h = 13*h - 534. Suppose 0 = -4*o + h + 106. Suppose 0 = -3*i - 0*i + 54. What is the remainder when o is divided by i?
17
Suppose -3*u - d + 62 = -0*d, 5*u - 7*d - 86 = 0. What is the remainder when 1808 is divided by u?
8
Let z = -15 + 38. Let u be 1/3 + 240/(-18). What is the remainder when z is divided by (-3 - -2)/(1/u)?
10
Suppose -15*p = -35 - 115. Suppose -56 + 606 = p*a. Calculate the remainder when 208 is divided by a.
43
Suppose -5*q = -4*s - 1749, 4*q - 1272 = -8*s - 10*s. What is the remainder when q is divided by 235?
110
Let z(j) = 32*j - 29. What is the remainder when 5049 is divided by z(6)?
159
Let f be ((-3)/(-6) + 1)*(-4)/(-3). Suppose -5*q + 3*d + 145 = 0, -f*q = -d + 3*d - 58. Calculate the remainder when 231 is divided by q.
28
Suppose 240*p - 1479 + 279 = 0. What is the remainder when 380 is divided by p?
0
Suppose -2*r = -3*r + 91. Suppose 10*y + 625 = -55. Let u = r + y. What is the remainder when u is divided by 8?
7
Let v = -3997 - -4010. Let w(t) = t**2 - 4*t + 3. Let a be w(-4). Suppose 5*s - a = 50. What is the remainder when s is divided by v?
4
What is the remainder when 299 is divided by 27/(54/(-28)) - -247?
66
Let r(h) = 127*h - 7271. Calculate the remainder when r(88) is divided by 33.
11
Suppose 33*o = 19*o + 56. Suppose 3*g + 406 = 4*p, -325 = 5*p - o*g - 833. What is the remainder when p is divided by 17?
15
Let j(f) = 8*f**3 - 38*f**2 - f + 31. Calculate the remainder when j(5) is divided by 24.
4
Suppose 0 = -22*m + 2706 + 1012. What is the remainder when 350 is divided by m?
12
What is the remainder when 369 is divided by (246/(-9))/(94/(-141))?
0
Let o = 38 - 40. Suppose 7 = 4*f - 53. Calculate the remainder when f is divided by 2 + 60/35 + o/(-7).
3
Suppose -2*x = x + 4*f + 526, -x = -4*f + 170. Let p = -159 - x. Calculate the remainder when p is divided by 9.
6
Let p(m) = -1090*m - 2225. Calculate the remainder when p(-3) is divided by 23.
10
What is the remainder when -4*((-58)/(-783) - 11834/108) is divided by 35?
18
Suppose -4*a = -3*s + 1324, -1046 - 285 = -3*s + 5*a. What is the remainder when s is divided by 8?
0
Let f(z) = 2*z - 12. Let r be f(8). Suppose -5*l = -4*c - 216, 36 = 2*l - r*c - 48. Calculate the remainder when 126 is divided by l.
38
Let w(s) = -15*s**2 - 8. Let h be w(3). Let o = -6 - h. What is the remainder when o is divided by 11?
5
Let z = 72 + -59. Suppose -z = -5*o + 12, -p = -3*o + 4. What is the remainder when 21 is divided by p?
10
Let j(q) = -q**3 + 8*q**2 + 9*q + 20. Let o be j(9). Let v = 36 - o. Suppose 0*p + v = 2*p - 2*w, 4*p + w = 22. Calculate the remainder when p is divided by 3.
0
Let c(a) = 30*a**2 - 3*a + 2. Calculate the remainder when 66/10*(36 + 1 + -2) is divided by c(1).
28
Let v(a) be the first derivative of a**2/2 - a + 40. Suppose -5*g + 35 = 5*o, -2*o + 8 = 2*g - 3*o. What is the remainder when v(g) is divided by 2?
0
Let o(d) = 47*d + 4. Let l(h) = 3*h**3 + 57*h**2 - 991*h + 7. What is the remainder when o(3) is divided by l(-30)?
34
Suppose -8*j - j = -7128. Suppose 4*m - j = m + 4*l, -3 = l. What is the remainder when m is divided by 66?
62
Suppose -14*u = 3*t - 18*u - 809, 3*u = -15. Calculate the remainder when t is divided by 16.
7
Let l(o) = -o**3 - 28*o**2 - 26*o - 4. Let c be l(-27). What is the remainder when (-316)/(-2) + (-32 - c) is divided by 20?
17
Suppose 3*k = 3*m + 1518, -23*m = -5*k - 28*m + 2550. Let j = k + -417. What is the remainder when j is divided by 26?
13
Let g(m) = -m**3 + 10*m**2 - 2*m - 8. Let i be g(7). Suppose 0 = -k + 2*h + i, -h + 95 = k - 36. What is the remainder when k is divided by 12?
9
Suppose 5*s - 606 = 259. Let z = 2869 + -2861. Calculate the remainder when s is divided by z.
5
Suppose -17*w = 355 - 1358. Suppose 0*b = 3*b - 129. Let i = -21 + b. Calculate the remainder when w is divided by i.
15
Let i(t) = t**2 - t - 12. Let m be i(3). Let r(v) = 20*v + 19. Let w be r(m). Let x = -48 - w. Calculate the remainder when x is divided by 12.
5
Suppose 0 = -152*p + 17048 + 16696. Calculate the remainder when 4432 is divided by p.
214
Let s = -3825 - -3987. Calculate the remainder when 322 is divided by s.
160
Suppose 45*b + 24*b - 21114 = 18*b. What is the remainder when b is divided by 42?
36
Suppose 524*m = 528*m - 2*k - 1050, 1075 = 4*m + 3*k. Calculate the remainder when 786 is divided by m.
256
Let r be (12/10)/((-28)/(-70)). Suppose -2*n = r*l - 175, n + 3*l + l - 90 = 0. What is the remainder when 65 is divided by 310/18 + (n/18 - 5)?
14
Let v = 2981 + -2887. What is the remainder when v is divided by 7?
3
Suppose i - 3*d = 245, -5*i + 37*d - 41*d = -1320. Suppose -4*q + 141 = 6*b - b, 150 = 5*q + b. What is the remainder when i is divided by q?
28
Let g = 128 - 132. Let c be ((-50)/15)/(-5) + g/6. Suppose c*k - 5*k = m - 16, 3*k - 6 = 0. What is the remainder when m is divided by 3?
0
Let m(r) = -r**3 + 19*r**2 - 50*r - 4. Let i be m(14). Suppose 20*o = -56 + i. Calculate the remainder when 53 is divided by o.
9
Suppose -2*h = -9*h - 11438. Let s = 2493 + h. Calculate the remainder when s is divided by 43.
42
Suppose -2*n = -5*n + 12. Let w = -44 + 49. Suppose -w*v + 43 = 2*z - 8, 4*z = -n*v + 72. Calculate the remainder when 37 is divided by z.
11
Let h = 27552 + -23249. What is the remainder when h is divided by 17?
2
Let c(q) = q**3 + 5*q**2 + 4*q + 2. Suppose -79940 = 528*s - 1817*s - 2708*s. Calculate the remainder when s is divided by c(-4).
0
Let q = 24322 + -24158. What is the remainder when 16397 is divided by q?
161
Calculate the remainder when 142 is divided by 10 - 465/45 - (-220)/3.
69
Let v = 44191 - 37965. Calculate the remainder when v is divided by 12.
10
Let p = -23 - -71. Calculate the remainder when 74 + (1760/77 - (-26)/182) is divided by p.
1
Let c = 1067 - -495. Calculate the remainder when c is divided by 16.
10
Let z be 22/(((-70)/175)/(1/(-5))). Suppose 16*o - z*o - 242 = -c, 4*o + c = 193. Calculate the remainder when o is divided by 9.
4
Suppose -3*a - 25 = -4*a. Suppose 2*p + 15 = -2*j + 3*j, -a = 5*p. Let x(z) = z. Calculate the remainder when 8 is divided by x(j).
3
Let o(r) = 240*r + 24. Let j be o(-1). Let d = 228 + j. What is the remainder when 35 is divided by d?
11
Suppose 3*o + 342 = 5*f - 512, 2*f = -o + 346. Let t(x) = x**3 - 5*x**2 - x - 5. Calculate the remainder when f is divided by t(6).
22
Let k = 17 + -23. Let p(x) = x**2 + 7*x + 15. Calculate the remainder when (-1298)/(-62) + 15/(-3720)*-16 is divided by p(k).
3
Let h = -9016 - -9045. What is the remainder when 25*8 - 0/1 is divided by h?
26
Suppose -4*i = 20, -5*t - 1 + 46 = 2*i. Calculate the remainder when 185 is divided by t.
9
Let u = -11940 + 26899. Calculate the remainder when u is divided by 34.
33
Let z = 74 + -69. Suppose 0 = -5*d - 10 - 15, z*d = n - 94. Calculate the remainder when n is divided by 36.
33
Suppose 0 = 30*j + 90*j - 480. What is the remainder when 655 is divided by j?
3
Suppose 28*n + 76*n = -161*n + 5565. Calculate the remainder when 11630 is divided by n.
17
Suppose 28 